{"id":291,"date":"2025-07-26T21:25:20","date_gmt":"2025-07-26T21:25:20","guid":{"rendered":"https:\/\/strandversteck-binz.de\/?page_id=291"},"modified":"2026-03-17T16:27:33","modified_gmt":"2026-03-17T16:27:33","slug":"buchung","status":"publish","type":"page","link":"https:\/\/strandversteck-binz.de\/?page_id=291","title":{"rendered":"Details und Buchung"},"content":{"rendered":"\n<figure class=\"wp-block-image size-large\"><img loading=\"lazy\" decoding=\"async\" width=\"1024\" height=\"433\" src=\"https:\/\/strandversteck-binz.de\/wp-content\/uploads\/2026\/02\/Schlafzimmer_in_Strandversteck-1024x433.jpg\" alt=\"Schalfzimmer im Strandversteck\" class=\"wp-image-549\" srcset=\"https:\/\/strandversteck-binz.de\/wp-content\/uploads\/2026\/02\/Schlafzimmer_in_Strandversteck-1024x433.jpg 1024w, https:\/\/strandversteck-binz.de\/wp-content\/uploads\/2026\/02\/Schlafzimmer_in_Strandversteck-300x127.jpg 300w, https:\/\/strandversteck-binz.de\/wp-content\/uploads\/2026\/02\/Schlafzimmer_in_Strandversteck-768x325.jpg 768w, https:\/\/strandversteck-binz.de\/wp-content\/uploads\/2026\/02\/Schlafzimmer_in_Strandversteck-1536x650.jpg 1536w, https:\/\/strandversteck-binz.de\/wp-content\/uploads\/2026\/02\/Schlafzimmer_in_Strandversteck-2048x867.jpg 2048w, https:\/\/strandversteck-binz.de\/wp-content\/uploads\/2026\/02\/Schlafzimmer_in_Strandversteck-1140x482.jpg 1140w\" sizes=\"auto, (max-width: 1024px) 100vw, 1024px\" \/><\/figure>\n\n\n\n<p><strong>Jetzt das Strandversteck buchen:<\/strong><\/p>\n\n\n\n<p>Unser Appartement ist ideal f\u00fcr bis zu drei Personen, die Binz von seiner sch\u00f6nsten Seite erleben m\u00f6chten: zentral, aber ruhig \u2013 modern, aber gem\u00fctlich. Ob Kurztrip oder l\u00e4ngerer Aufenthalt, hier findet man alles, was f\u00fcr entspannte Tage wichtig ist. Der Strand ist nur ein paar Minuten entfernt, Restaurants und Caf\u00e9s liegen direkt ums Eck \u2013 und trotzdem sind Sie in Ihrem ganz pers\u00f6nlichen R\u00fcckzugsort.<\/p>\n\n\n\n<div class=\"wp-block-columns is-layout-flex wp-container-core-columns-is-layout-9d6595d7 wp-block-columns-is-layout-flex\">\n<div class=\"wp-block-column is-layout-flow wp-block-column-is-layout-flow\">\n<p><strong>K\u00fcche<\/strong><\/p>\n<ul>\n<li>K\u00fcche (offen)<\/li>\n<li>Backofen<\/li>\n<li>Geschirrsp\u00fcler<\/li>\n<li>K\u00fchlschrank<\/li>\n<li>Gefrierm\u00f6glichkeit<\/li>\n<li>Ceran-Kochfeld<\/li>\n<li>Kaffeemaschine<\/li>\n<li>Nespresso Kaffeemaschine<\/li>\n<li>Wasserkocher<\/li>\n<li>Toaster<\/li>\n<li>Waffeleisen<\/li>\n<li>T\u00f6pfe und Pfannen<\/li>\n<li>Geschirr und Besteck<\/li>\n<\/ul>\n\n\n\n<p><\/p>\n<\/div>\n\n\n\n<div class=\"wp-block-column is-layout-flow wp-block-column-is-layout-flow\">\n<p><strong>Wohnraum<\/strong><\/p>\n<ul>\n<li>Sofa (zum 3. Bett ausklappbar)<\/li>\n<li>LED Fernseher<\/li>\n<li>Internetradio<\/li>\n<li>Essbereich<\/li>\n<\/ul>\n<p>&nbsp;<\/p>\n<p><strong>Schlafzimmer<\/strong><\/p>\n<ul>\n<li>1 Boxspringbett (1,80 \u00d7 2 m)<\/li>\n<li>Kleiderschrank<\/li>\n<li>Kommode<\/li>\n<li>Gro\u00dfer LED Fernseher<\/li>\n<\/ul>\n<\/div>\n\n\n\n<div class=\"wp-block-column is-layout-flow wp-block-column-is-layout-flow\">\n<p><strong>Bad<\/strong><\/p>\n<ul>\n<li>Dusche\/WC<\/li>\n<li>Haartrockner<\/li>\n<li>Handtuchheizung<\/li>\n<li>Kosmetikspiegel<\/li>\n<\/ul>\n<p><strong>Ausstattung<\/strong><\/p>\n<ul>\n<li>Verdunklungsm\u00f6glichkeit<\/li>\n<li>B\u00fcgelbrett<\/li>\n<li>B\u00fcgeleisen<\/li>\n<\/ul>\n<p><strong>Multimedia<\/strong><\/p>\n<ul>\n<li>kostenfreies WLAN<\/li>\n<\/ul>\n<\/div>\n<\/div>\n\n\n\n<div class=\"wp-block-columns is-layout-flex wp-container-core-columns-is-layout-9d6595d7 wp-block-columns-is-layout-flex\">\n<div class=\"wp-block-column is-layout-flow wp-block-column-is-layout-flow\">\n<p><strong>Wellness<\/strong><\/p>\n<ul>\n<li>\n<div class=\"terms-content\" style=\"text-align: left;\">Saunabereich mit einer ca. 10m\u00b2 Sauna, WC, Dusche und Ruhebereich mit Liegen.<\/div>\n<\/li>\n<li>\n<div class=\"terms-content\" style=\"text-align: left;\">Die Nutzung ist kostenlos.<\/div>\n<\/li>\n<li>\n<div class=\"terms-content\" style=\"text-align: left;\">Ganzj\u00e4hrig ge\u00f6ffnet.<\/div>\n<\/li>\n<\/ul>\n<\/div>\n\n\n\n<div class=\"wp-block-column is-layout-flow wp-block-column-is-layout-flow\">\n<p><strong>Outdoor &amp; Ausblick<\/strong><\/p>\n<ul>\n<li>Gro\u00dfer komplett m\u00f6blierter Balkon<\/li>\n<\/ul>\n<\/div>\n\n\n\n<div class=\"wp-block-column is-layout-flow wp-block-column-is-layout-flow\">\n<p><strong>Parkm\u00f6glichkeit<\/strong><\/p>\n\n\n\n<ul class=\"wp-block-list\">\n<li>Au\u00dfenstellplatz auf dem Hof (Max. Durchfahrtsh\u00f6he 2,10m)<\/li>\n<\/ul>\n<\/div>\n<\/div>\n\n\n\n<div class=\"wp-block-columns is-layout-flex wp-container-core-columns-is-layout-9d6595d7 wp-block-columns-is-layout-flex\">\n<div class=\"wp-block-column is-layout-flow wp-block-column-is-layout-flow\">\n<p><strong>Gemeinsam genutzt<\/strong><\/p>\n<ul>\n<li>Sauna\u00a0\u00a0<\/li>\n<li>Waschmaschine (geb\u00fchrenpflichtig)<\/li>\n<li>Trockner (geb\u00fchrenpflichtig)<\/li>\n<li>Fahrradabstellraum (au\u00dfen)<\/li>\n<\/ul>\n<\/div>\n\n\n\n<div class=\"wp-block-column is-layout-flow wp-block-column-is-layout-flow\">\n<p><strong>Allgemein<\/strong><\/p>\n<ul>\n<li>Nichtraucher<\/li>\n<li>Keine Haustiere erlaubt<\/li>\n<li>Fahrstuhl<\/li>\n<li>Unterkunft auf einer Ebene<\/li>\n<\/ul>\n<\/div>\n\n\n\n<div class=\"wp-block-column is-layout-flow wp-block-column-is-layout-flow\">\n<p style=\"text-align: left;\"><strong>Informationen f\u00fcr G\u00e4ste<\/strong><\/p>\n<ul>\n<li style=\"text-align: left;\">W\u00e4schepakete (Bettw\u00e4sche \/ Handt\u00fccher) k\u00f6nnen gegen Geb\u00fchr dazu gebucht werden.<\/li>\n<li style=\"text-align: left;\">Schl\u00fcssel\u00fcbergabe im Serviceb\u00fcro Binz<\/li>\n<\/ul>\n<\/div>\n<\/div>\n\n\n\n<div class=\"wp-block-columns is-layout-flex wp-container-core-columns-is-layout-9d6595d7 wp-block-columns-is-layout-flex\">\n<div class=\"wp-block-column is-layout-flow wp-block-column-is-layout-flow\">\n<p><strong>Lage:<\/strong><\/p>\n<ul>\n<li>350 m Seebr\u00fccke von Binz<\/li>\n<li>350 m Strand<\/li>\n<li>350 m Wasser<\/li>\n<li>100 m Zentrum<\/li>\n<li>150 m Supermarkt<\/li>\n<li>180 m B\u00e4cker<\/li>\n<\/ul>\n<\/div>\n\n\n\n<div class=\"wp-block-column is-layout-flow wp-block-column-is-layout-flow\"><\/div>\n\n\n\n<div class=\"wp-block-column is-layout-flow wp-block-column-is-layout-flow\">\n<p><strong>Anschrift<\/strong><\/p>\n<p>Paulstrasse 4<br \/>18609 Binz, Deutschland<\/p>\n<\/div>\n<\/div>\n\n\n\n<p><strong>Sie haben zwei M\u00f6glichkeiten zur Buchung:<\/strong><\/p>\n\n\n\n<div class=\"wp-block-columns is-layout-flex wp-container-core-columns-is-layout-9d6595d7 wp-block-columns-is-layout-flex\">\n<div class=\"wp-block-column is-layout-flow wp-block-column-is-layout-flow\">\n<p style=\"text-align: left;\"><a href=\"https:\/\/www.ostsee-reisen.de\/ruegen\/binz\/409013\/1.html\" target=\"_blank\" rel=\"noopener\"><strong>1. Hier k\u00f6nnen Sie Ihre Wunschurlaubszeiten direkt anfragen:<\/strong><\/a><\/p>\n<p style=\"text-align: left;\"><a href=\"https:\/\/www.ostsee-reisen.de\/ruegen\/binz\/409013\/1.html\" target=\"_blank\" rel=\"noopener\">Sie werden \u00fcber den Buchungskalender zum externen Partner weitergeleitet. Hier sehen Sie alle Informationen zu Preisen und verf\u00fcgbaren Zeiten. Sie k\u00f6nnen hier Ihre Wunschurlaubszeiten direkt anfragen:<\/a><\/p>\n<p><a href=\"https:\/\/www.ostsee-reisen.de\/ruegen\/binz\/409013\/1.html\" target=\"_blank\" rel=\"noopener\"><img loading=\"lazy\" decoding=\"async\" class=\"aligncenter wp-image-339\" src=\"https:\/\/strandversteck-binz.de\/wp-content\/uploads\/2025\/07\/Buchungskalender-249x300.png\" alt=\"\" width=\"165\" height=\"199\" srcset=\"https:\/\/strandversteck-binz.de\/wp-content\/uploads\/2025\/07\/Buchungskalender-249x300.png 249w, https:\/\/strandversteck-binz.de\/wp-content\/uploads\/2025\/07\/Buchungskalender.png 335w\" sizes=\"auto, (max-width: 165px) 100vw, 165px\" \/><\/a><\/p>\n<\/div>\n\n\n\n<div class=\"wp-block-column is-layout-flow wp-block-column-is-layout-flow\">\n<p style=\"text-align: left;\"><strong>2. Wenn Sie den pers\u00f6nlichen Kontakt w\u00fcnschen, k\u00f6nnen Sie uns gerne direkt anschreiben.<\/strong><\/p>\n<p style=\"text-align: left;\">Einfach eine Mail mit Ihren <strong>Buchungsw\u00fcnschen an \u201culrich.hacker@googlemail.com\u201c<\/strong> senden. Wir bearbeiten Ihre W\u00fcnsche gerne und zeitnah.<\/p>\n<p>&nbsp;<\/p>\n<\/div>\n<\/div>\n\n\n<p style=\"text-align: center;\"><strong>Bei offenen Fragen rufen Sie einfach gerne an oder schreiben Sie uns eine Nachricht \u00fcber WhatsApp.<\/strong><\/p>\n<p style=\"text-align: center;\"><strong> Telefon: 0171 \/ 9754701\u00a0 \u2013\u00a0 Ihr Ansprechpartner ist Ulrich Hacker.<\/strong><\/p>","protected":false},"excerpt":{"rendered":"<p>Jetzt das Strandversteck buchen: Unser Appartement ist ideal f\u00fcr bis zu drei Personen, die Binz von seiner sch\u00f6nsten Seite erleben m\u00f6chten: zentral, aber ruhig \u2013 modern, aber gem\u00fctlich. Ob Kurztrip oder l\u00e4ngerer Aufenthalt, hier findet man alles, was f\u00fcr entspannte Tage wichtig ist. Der Strand ist nur ein paar Minuten entfernt, Restaurants und Caf\u00e9s liegen direkt ums Eck \u2013 und trotzdem sind Sie in Ihrem ganz pers\u00f6nlichen R\u00fcckzugsort. K\u00fcche K\u00fcche (offen) Backofen Geschirrsp\u00fcler K\u00fchlschrank Gefrierm\u00f6glichkeit Ceran-Kochfeld Kaffeemaschine Nespresso Kaffeemaschine Wasserkocher Toaster Waffeleisen T\u00f6pfe und Pfannen Geschirr und Besteck Wohnraum Sofa (zum 3. Bett ausklappbar) LED Fernseher Internetradio Essbereich &nbsp; Schlafzimmer 1 Boxspringbett (1,80 \u00d7 2 m) Kleiderschrank Kommode Gro\u00dfer LED Fernseher Bad Dusche\/WC Haartrockner Handtuchheizung Kosmetikspiegel Ausstattung Verdunklungsm\u00f6glichkeit B\u00fcgelbrett B\u00fcgeleisen Multimedia kostenfreies WLAN Wellness Saunabereich mit einer ca. 10m\u00b2 Sauna, WC, Dusche und Ruhebereich mit Liegen. Die Nutzung ist kostenlos. Ganzj\u00e4hrig ge\u00f6ffnet. Outdoor &amp; Ausblick Gro\u00dfer komplett m\u00f6blierter Balkon Parkm\u00f6glichkeit Gemeinsam genutzt Sauna\u00a0\u00a0 Waschmaschine (geb\u00fchrenpflichtig) Trockner (geb\u00fchrenpflichtig) Fahrradabstellraum (au\u00dfen) Allgemein Nichtraucher Keine Haustiere erlaubt Fahrstuhl Unterkunft auf einer Ebene Informationen f\u00fcr G\u00e4ste W\u00e4schepakete (Bettw\u00e4sche \/ Handt\u00fccher) k\u00f6nnen gegen Geb\u00fchr dazu gebucht werden. Schl\u00fcssel\u00fcbergabe im Serviceb\u00fcro Binz Lage: 350 m Seebr\u00fccke von Binz 350 m Strand 350 m Wasser 100 m Zentrum 150 m Supermarkt 180 m B\u00e4cker Anschrift Paulstrasse 418609 Binz, Deutschland Sie haben zwei M\u00f6glichkeiten zur Buchung: 1. Hier k\u00f6nnen Sie Ihre Wunschurlaubszeiten direkt anfragen: Sie werden \u00fcber den Buchungskalender zum externen Partner weitergeleitet. Hier sehen Sie alle Informationen zu Preisen und verf\u00fcgbaren Zeiten. Sie k\u00f6nnen hier Ihre Wunschurlaubszeiten direkt anfragen: 2. Wenn Sie den pers\u00f6nlichen Kontakt w\u00fcnschen, k\u00f6nnen Sie uns gerne direkt anschreiben. Einfach eine Mail mit Ihren Buchungsw\u00fcnschen an \u201culrich.hacker@googlemail.com\u201c senden. Wir bearbeiten Ihre W\u00fcnsche gerne und zeitnah. &nbsp; Bei offenen Fragen rufen Sie einfach gerne an oder schreiben Sie uns eine Nachricht \u00fcber WhatsApp. Telefon: 0171 \/ 9754701\u00a0 \u2013\u00a0 Ihr Ansprechpartner ist Ulrich Hacker.<\/p>\n","protected":false},"author":2,"featured_media":0,"parent":0,"menu_order":0,"comment_status":"closed","ping_status":"closed","template":"templates\/template-full-width-blank.php","meta":{"footnotes":""},"class_list":["post-291","page","type-page","status-publish","hentry"],"_links":{"self":[{"href":"https:\/\/strandversteck-binz.de\/index.php?rest_route=\/wp\/v2\/pages\/291","targetHints":{"allow":["GET"]}}],"collection":[{"href":"https:\/\/strandversteck-binz.de\/index.php?rest_route=\/wp\/v2\/pages"}],"about":[{"href":"https:\/\/strandversteck-binz.de\/index.php?rest_route=\/wp\/v2\/types\/page"}],"author":[{"embeddable":true,"href":"https:\/\/strandversteck-binz.de\/index.php?rest_route=\/wp\/v2\/users\/2"}],"replies":[{"embeddable":true,"href":"https:\/\/strandversteck-binz.de\/index.php?rest_route=%2Fwp%2Fv2%2Fcomments&post=291"}],"version-history":[{"count":65,"href":"https:\/\/strandversteck-binz.de\/index.php?rest_route=\/wp\/v2\/pages\/291\/revisions"}],"predecessor-version":[{"id":562,"href":"https:\/\/strandversteck-binz.de\/index.php?rest_route=\/wp\/v2\/pages\/291\/revisions\/562"}],"wp:attachment":[{"href":"https:\/\/strandversteck-binz.de\/index.php?rest_route=%2Fwp%2Fv2%2Fmedia&parent=291"}],"curies":[{"name":"wp","href":"https:\/\/api.w.org\/{rel}","templated":true}]}}

<figure class="wp-block-image size-large"><img loading="lazy" decoding="async" width="1024" height="433" src="https://strandversteck-binz.de/wp-content/uploads/2026/02/Schlafzimmer_in_Strandversteck-1024x433.jpg" alt="Schalfzimmer im Strandversteck" class="wp-image-549" srcset="https://strandversteck-binz.de/wp-content/uploads/2026/02/Schlafzimmer_in_Strandversteck-1024x433.jpg 1024w, https://strandversteck-binz.de/wp-content/uploads/2026/02/Schlafzimmer_in_Strandversteck-300x127.jpg 300w, https://strandversteck-binz.de/wp-content/uploads/2026/02/Schlafzimmer_in_Strandversteck-768x325.jpg 768w, https://strandversteck-binz.de/wp-content/uploads/2026/02/Schlafzimmer_in_Strandversteck-1536x650.jpg 1536w, https://strandversteck-binz.de/wp-content/uploads/2026/02/Schlafzimmer_in_Strandversteck-2048x867.jpg 2048w, https://strandversteck-binz.de/wp-content/uploads/2026/02/Schlafzimmer_in_Strandversteck-1140x482.jpg 1140w" sizes="auto, (max-width: 1024px) 100vw, 1024px" /></figure>



<p><strong>Jetzt das Strandversteck buchen:</strong></p>



<p>Unser Appartement ist ideal für bis zu drei Personen, die Binz von seiner schönsten Seite erleben möchten: zentral, aber ruhig – modern, aber gemütlich. Ob Kurztrip oder längerer Aufenthalt, hier findet man alles, was für entspannte Tage wichtig ist. Der Strand ist nur ein paar Minuten entfernt, Restaurants und Cafés liegen direkt ums Eck – und trotzdem sind Sie in Ihrem ganz persönlichen Rückzugsort.</p>



<div class="wp-block-columns is-layout-flex wp-container-core-columns-is-layout-9d6595d7 wp-block-columns-is-layout-flex">
<div class="wp-block-column is-layout-flow wp-block-column-is-layout-flow">
<p><strong>Küche</strong></p>
<ul>
<li>Küche (offen)</li>
<li>Backofen</li>
<li>Geschirrspüler</li>
<li>Kühlschrank</li>
<li>Gefriermöglichkeit</li>
<li>Ceran-Kochfeld</li>
<li>Kaffeemaschine</li>
<li>Nespresso Kaffeemaschine</li>
<li>Wasserkocher</li>
<li>Toaster</li>
<li>Waffeleisen</li>
<li>Töpfe und Pfannen</li>
<li>Geschirr und Besteck</li>
</ul>



<p></p>
</div>



<div class="wp-block-column is-layout-flow wp-block-column-is-layout-flow">
<p><strong>Wohnraum</strong></p>
<ul>
<li>Sofa (zum 3. Bett ausklappbar)</li>
<li>LED Fernseher</li>
<li>Internetradio</li>
<li>Essbereich</li>
</ul>
<p>&nbsp;</p>
<p><strong>Schlafzimmer</strong></p>
<ul>
<li>1 Boxspringbett (1,80 × 2 m)</li>
<li>Kleiderschrank</li>
<li>Kommode</li>
<li>Großer LED Fernseher</li>
</ul>
</div>



<div class="wp-block-column is-layout-flow wp-block-column-is-layout-flow">
<p><strong>Bad</strong></p>
<ul>
<li>Dusche/WC</li>
<li>Haartrockner</li>
<li>Handtuchheizung</li>
<li>Kosmetikspiegel</li>
</ul>
<p><strong>Ausstattung</strong></p>
<ul>
<li>Verdunklungsmöglichkeit</li>
<li>Bügelbrett</li>
<li>Bügeleisen</li>
</ul>
<p><strong>Multimedia</strong></p>
<ul>
<li>kostenfreies WLAN</li>
</ul>
</div>
</div>



<div class="wp-block-columns is-layout-flex wp-container-core-columns-is-layout-9d6595d7 wp-block-columns-is-layout-flex">
<div class="wp-block-column is-layout-flow wp-block-column-is-layout-flow">
<p><strong>Wellness</strong></p>
<ul>
<li>
<div class="terms-content" style="text-align: left;">Saunabereich mit einer ca. 10m² Sauna, WC, Dusche und Ruhebereich mit Liegen.</div>
</li>
<li>
<div class="terms-content" style="text-align: left;">Die Nutzung ist kostenlos.</div>
</li>
<li>
<div class="terms-content" style="text-align: left;">Ganzjährig geöffnet.</div>
</li>
</ul>
</div>



<div class="wp-block-column is-layout-flow wp-block-column-is-layout-flow">
<p><strong>Outdoor &amp; Ausblick</strong></p>
<ul>
<li>Großer komplett möblierter Balkon</li>
</ul>
</div>



<div class="wp-block-column is-layout-flow wp-block-column-is-layout-flow">
<p><strong>Parkmöglichkeit</strong></p>



<ul class="wp-block-list">
<li>Außenstellplatz auf dem Hof (Max. Durchfahrtshöhe 2,10m)</li>
</ul>
</div>
</div>



<div class="wp-block-columns is-layout-flex wp-container-core-columns-is-layout-9d6595d7 wp-block-columns-is-layout-flex">
<div class="wp-block-column is-layout-flow wp-block-column-is-layout-flow">
<p><strong>Gemeinsam genutzt</strong></p>
<ul>
<li>Sauna  </li>
<li>Waschmaschine (gebührenpflichtig)</li>
<li>Trockner (gebührenpflichtig)</li>
<li>Fahrradabstellraum (außen)</li>
</ul>
</div>



<div class="wp-block-column is-layout-flow wp-block-column-is-layout-flow">
<p><strong>Allgemein</strong></p>
<ul>
<li>Nichtraucher</li>
<li>Keine Haustiere erlaubt</li>
<li>Fahrstuhl</li>
<li>Unterkunft auf einer Ebene</li>
</ul>
</div>



<div class="wp-block-column is-layout-flow wp-block-column-is-layout-flow">
<p style="text-align: left;"><strong>Informationen für Gäste</strong></p>
<ul>
<li style="text-align: left;">Wäschepakete (Bettwäsche / Handtücher) können gegen Gebühr dazu gebucht werden.</li>
<li style="text-align: left;">Schlüsselübergabe im Servicebüro Binz</li>
</ul>
</div>
</div>



<div class="wp-block-columns is-layout-flex wp-container-core-columns-is-layout-9d6595d7 wp-block-columns-is-layout-flex">
<div class="wp-block-column is-layout-flow wp-block-column-is-layout-flow">
<p><strong>Lage:</strong></p>
<ul>
<li>350 m Seebrücke von Binz</li>
<li>350 m Strand</li>
<li>350 m Wasser</li>
<li>100 m Zentrum</li>
<li>150 m Supermarkt</li>
<li>180 m Bäcker</li>
</ul>
</div>



<div class="wp-block-column is-layout-flow wp-block-column-is-layout-flow"></div>



<div class="wp-block-column is-layout-flow wp-block-column-is-layout-flow">
<p><strong>Anschrift</strong></p>
<p>Paulstrasse 4<br />18609 Binz, Deutschland</p>
</div>
</div>



<p><strong>Sie haben zwei Möglichkeiten zur Buchung:</strong></p>



<div class="wp-block-columns is-layout-flex wp-container-core-columns-is-layout-9d6595d7 wp-block-columns-is-layout-flex">
<div class="wp-block-column is-layout-flow wp-block-column-is-layout-flow">
<p style="text-align: left;"><a href="https://www.ostsee-reisen.de/ruegen/binz/409013/1.html" target="_blank" rel="noopener"><strong>1. Hier können Sie Ihre Wunschurlaubszeiten direkt anfragen:</strong></a></p>
<p style="text-align: left;"><a href="https://www.ostsee-reisen.de/ruegen/binz/409013/1.html" target="_blank" rel="noopener">Sie werden über den Buchungskalender zum externen Partner weitergeleitet. Hier sehen Sie alle Informationen zu Preisen und verfügbaren Zeiten. Sie können hier Ihre Wunschurlaubszeiten direkt anfragen:</a></p>
<p><a href="https://www.ostsee-reisen.de/ruegen/binz/409013/1.html" target="_blank" rel="noopener"><img loading="lazy" decoding="async" class="aligncenter wp-image-339" src="https://strandversteck-binz.de/wp-content/uploads/2025/07/Buchungskalender-249x300.png" alt="" width="165" height="199" srcset="https://strandversteck-binz.de/wp-content/uploads/2025/07/Buchungskalender-249x300.png 249w, https://strandversteck-binz.de/wp-content/uploads/2025/07/Buchungskalender.png 335w" sizes="auto, (max-width: 165px) 100vw, 165px" /></a></p>
</div>



<div class="wp-block-column is-layout-flow wp-block-column-is-layout-flow">
<p style="text-align: left;"><strong>2. Wenn Sie den persönlichen Kontakt wünschen, können Sie uns gerne direkt anschreiben.</strong></p>
<p style="text-align: left;">Einfach eine Mail mit Ihren <strong>Buchungswünschen an “ulrich.hacker@googlemail.com“</strong> senden. Wir bearbeiten Ihre Wünsche gerne und zeitnah.</p>
<p>&nbsp;</p>
</div>
</div>


<p style="text-align: center;"><strong>Bei offenen Fragen rufen Sie einfach gerne an oder schreiben Sie uns eine Nachricht über WhatsApp.</strong></p>
<p style="text-align: center;"><strong> Telefon: 0171 / 9754701  –  Ihr Ansprechpartner ist Ulrich Hacker.</strong></p>

<p>Jetzt das Strandversteck buchen: Unser Appartement ist ideal für bis zu drei Personen, die Binz von seiner schönsten Seite erleben möchten: zentral, aber ruhig – modern, aber gemütlich. Ob Kurztrip oder längerer Aufenthalt, hier findet man alles, was für entspannte Tage wichtig ist. Der Strand ist nur ein paar Minuten entfernt, Restaurants und Cafés liegen direkt ums Eck – und trotzdem sind Sie in Ihrem ganz persönlichen Rückzugsort. Küche Küche (offen) Backofen Geschirrspüler Kühlschrank Gefriermöglichkeit Ceran-Kochfeld Kaffeemaschine Nespresso Kaffeemaschine Wasserkocher Toaster Waffeleisen Töpfe und Pfannen Geschirr und Besteck Wohnraum Sofa (zum 3. Bett ausklappbar) LED Fernseher Internetradio Essbereich &nbsp; Schlafzimmer 1 Boxspringbett (1,80 × 2 m) Kleiderschrank Kommode Großer LED Fernseher Bad Dusche/WC Haartrockner Handtuchheizung Kosmetikspiegel Ausstattung Verdunklungsmöglichkeit Bügelbrett Bügeleisen Multimedia kostenfreies WLAN Wellness Saunabereich mit einer ca. 10m² Sauna, WC, Dusche und Ruhebereich mit Liegen. Die Nutzung ist kostenlos. Ganzjährig geöffnet. Outdoor &amp; Ausblick Großer komplett möblierter Balkon Parkmöglichkeit Gemeinsam genutzt Sauna   Waschmaschine (gebührenpflichtig) Trockner (gebührenpflichtig) Fahrradabstellraum (außen) Allgemein Nichtraucher Keine Haustiere erlaubt Fahrstuhl Unterkunft auf einer Ebene Informationen für Gäste Wäschepakete (Bettwäsche / Handtücher) können gegen Gebühr dazu gebucht werden. Schlüsselübergabe im Servicebüro Binz Lage: 350 m Seebrücke von Binz 350 m Strand 350 m Wasser 100 m Zentrum 150 m Supermarkt 180 m Bäcker Anschrift Paulstrasse 418609 Binz, Deutschland Sie haben zwei Möglichkeiten zur Buchung: 1. Hier können Sie Ihre Wunschurlaubszeiten direkt anfragen: Sie werden über den Buchungskalender zum externen Partner weitergeleitet. Hier sehen Sie alle Informationen zu Preisen und verfügbaren Zeiten. Sie können hier Ihre Wunschurlaubszeiten direkt anfragen: 2. Wenn Sie den persönlichen Kontakt wünschen, können Sie uns gerne direkt anschreiben. Einfach eine Mail mit Ihren Buchungswünschen an “ulrich.hacker@googlemail.com“ senden. Wir bearbeiten Ihre Wünsche gerne und zeitnah. &nbsp; Bei offenen Fragen rufen Sie einfach gerne an oder schreiben Sie uns eine Nachricht über WhatsApp. Telefon: 0171 / 9754701  –  Ihr Ansprechpartner ist Ulrich Hacker.</p>
