{"id":124,"date":"2025-07-26T16:47:31","date_gmt":"2025-07-26T16:47:31","guid":{"rendered":"https:\/\/strandversteck-binz.de\/?page_id=124"},"modified":"2025-07-27T12:57:37","modified_gmt":"2025-07-27T12:57:37","slug":"storry","status":"publish","type":"page","link":"https:\/\/strandversteck-binz.de\/?page_id=124","title":{"rendered":"Storry"},"content":{"rendered":"\n<figure class=\"wp-block-image size-large\"><img loading=\"lazy\" decoding=\"async\" width=\"1024\" height=\"295\" src=\"https:\/\/strandversteck-binz.de\/wp-content\/uploads\/2025\/07\/Kiefern_Binz-Ruegen-1024x295.jpg\" alt=\"\" class=\"wp-image-242\" srcset=\"https:\/\/strandversteck-binz.de\/wp-content\/uploads\/2025\/07\/Kiefern_Binz-Ruegen-1024x295.jpg 1024w, https:\/\/strandversteck-binz.de\/wp-content\/uploads\/2025\/07\/Kiefern_Binz-Ruegen-300x86.jpg 300w, https:\/\/strandversteck-binz.de\/wp-content\/uploads\/2025\/07\/Kiefern_Binz-Ruegen-768x221.jpg 768w, https:\/\/strandversteck-binz.de\/wp-content\/uploads\/2025\/07\/Kiefern_Binz-Ruegen-1536x442.jpg 1536w, https:\/\/strandversteck-binz.de\/wp-content\/uploads\/2025\/07\/Kiefern_Binz-Ruegen-2048x590.jpg 2048w, https:\/\/strandversteck-binz.de\/wp-content\/uploads\/2025\/07\/Kiefern_Binz-Ruegen-1140x328.jpg 1140w\" sizes=\"auto, (max-width: 1024px) 100vw, 1024px\" \/><\/figure>\n\n\n\n<p><strong>Willkommen im \u201eStrandversteck\u201c \u2013 Dein R\u00fcckzugsort am Meer<\/strong><\/p>\n\n\n\n<p>Manchmal braucht es gar nicht viel, um gl\u00fccklich zu sein: das Rauschen der Wellen, Sand unter den F\u00fc\u00dfen und einen Ort, an dem man alles hinter sich lassen kann. Genau so ein Ort sollte es werden \u2013 unser kleines&nbsp;Strandversteck&nbsp;in Binz auf R\u00fcgen.<\/p>\n\n\n\n<p>Die Idee f\u00fcr den Namen kam uns bei einem Spaziergang an einem dieser typischen Binzer Fr\u00fchlingstage: leichter Wind, ein Hauch von Salz in der Luft, M\u00f6wen \u00fcber der Seebr\u00fccke, eine noch fast leere Promenade und das erste Licht der Saison auf der Ostsee. Als wir durch eine kleine D\u00fcne liefen, fanden wir ein windgesch\u00fctztes Fleckchen zwischen Strandhafer und Kiefern, fast versteckt \u2013 so ruhig und abgeschieden, dass man das Gef\u00fchl hatte, die Welt dreht sich dort ein bisschen langsamer und man sei ganz allein mit dem Meer. Und da war klar: So soll sich auch unsere Ferienwohnung anf\u00fchlen. Ein kleines&nbsp;Strandversteck&nbsp;eben.<\/p>\n\n\n\n<p>Mit ihren 40\u202fQuadratmetern ist das&nbsp;Strandversteck&nbsp;nicht riesig \u2013 aber genau richtig. Ein Ort, der gem\u00fctlich, durchdacht und mit Liebe eingerichtet ist. Er ist mit allem ausgestattet, was f\u00fcr entspannte Tage wichtig ist und liegt nur ca. 350\u202fMeter von der Seebr\u00fccke entfernt \u2013 damit ist man mitten im Herzen von Binz, aber dennoch ruhig genug, um dem Trubel zu entkommen. Hier kann man morgens bei einer Tasse Kaffee auf dem Balkon die ersten Sonnenstrahlen genie\u00dfen, sp\u00e4ter durch den Ort schlendern und abends dem leisen Meeresrauschen auf der Seebr\u00fccke lauschen.<\/p>\n\n\n\n<p>Unser Strandversteck&nbsp;ist ein R\u00fcckzugsort f\u00fcr alle, die das Echte lieben. F\u00fcr Strandl\u00e4ufer, Buchleser, Meeresliebhaber und Sonnenuntergangsgenie\u00dfer.<\/p>\n\n\n\n<p><strong>Willkommen im Versteck. Willkommen am Strand.<\/strong><\/p>\n","protected":false},"excerpt":{"rendered":"<p>Willkommen im \u201eStrandversteck\u201c \u2013 Dein R\u00fcckzugsort am Meer Manchmal braucht es gar nicht viel, um gl\u00fccklich zu sein: das Rauschen der Wellen, Sand unter den F\u00fc\u00dfen und einen Ort, an dem man alles hinter sich lassen kann. Genau so ein Ort sollte es werden \u2013 unser kleines&nbsp;Strandversteck&nbsp;in Binz auf R\u00fcgen. Die Idee f\u00fcr den Namen kam uns bei einem Spaziergang an einem dieser typischen Binzer Fr\u00fchlingstage: leichter Wind, ein Hauch von Salz in der Luft, M\u00f6wen \u00fcber der Seebr\u00fccke, eine noch fast leere Promenade und das erste Licht der Saison auf der Ostsee. Als wir durch eine kleine D\u00fcne liefen, fanden wir ein windgesch\u00fctztes Fleckchen zwischen Strandhafer und Kiefern, fast versteckt \u2013 so ruhig und abgeschieden, dass man das Gef\u00fchl hatte, die Welt dreht sich dort ein bisschen langsamer und man sei ganz allein mit dem Meer. Und da war klar: So soll sich auch unsere Ferienwohnung anf\u00fchlen. Ein kleines&nbsp;Strandversteck&nbsp;eben. Mit ihren 40\u202fQuadratmetern ist das&nbsp;Strandversteck&nbsp;nicht riesig \u2013 aber genau richtig. Ein Ort, der gem\u00fctlich, durchdacht und mit Liebe eingerichtet ist. Er ist mit allem ausgestattet, was f\u00fcr entspannte Tage wichtig ist und liegt nur ca. 350\u202fMeter von der Seebr\u00fccke entfernt \u2013 damit ist man mitten im Herzen von Binz, aber dennoch ruhig genug, um dem Trubel zu entkommen. Hier kann man morgens bei einer Tasse Kaffee auf dem Balkon die ersten Sonnenstrahlen genie\u00dfen, sp\u00e4ter durch den Ort schlendern und abends dem leisen Meeresrauschen auf der Seebr\u00fccke lauschen. Unser Strandversteck&nbsp;ist ein R\u00fcckzugsort f\u00fcr alle, die das Echte lieben. F\u00fcr Strandl\u00e4ufer, Buchleser, Meeresliebhaber und Sonnenuntergangsgenie\u00dfer. Willkommen im Versteck. Willkommen am Strand.<\/p>\n","protected":false},"author":2,"featured_media":0,"parent":0,"menu_order":0,"comment_status":"closed","ping_status":"closed","template":"templates\/template-full-width-blank.php","meta":{"footnotes":""},"class_list":["post-124","page","type-page","status-publish","hentry"],"_links":{"self":[{"href":"https:\/\/strandversteck-binz.de\/index.php?rest_route=\/wp\/v2\/pages\/124","targetHints":{"allow":["GET"]}}],"collection":[{"href":"https:\/\/strandversteck-binz.de\/index.php?rest_route=\/wp\/v2\/pages"}],"about":[{"href":"https:\/\/strandversteck-binz.de\/index.php?rest_route=\/wp\/v2\/types\/page"}],"author":[{"embeddable":true,"href":"https:\/\/strandversteck-binz.de\/index.php?rest_route=\/wp\/v2\/users\/2"}],"replies":[{"embeddable":true,"href":"https:\/\/strandversteck-binz.de\/index.php?rest_route=%2Fwp%2Fv2%2Fcomments&post=124"}],"version-history":[{"count":14,"href":"https:\/\/strandversteck-binz.de\/index.php?rest_route=\/wp\/v2\/pages\/124\/revisions"}],"predecessor-version":[{"id":426,"href":"https:\/\/strandversteck-binz.de\/index.php?rest_route=\/wp\/v2\/pages\/124\/revisions\/426"}],"wp:attachment":[{"href":"https:\/\/strandversteck-binz.de\/index.php?rest_route=%2Fwp%2Fv2%2Fmedia&parent=124"}],"curies":[{"name":"wp","href":"https:\/\/api.w.org\/{rel}","templated":true}]}}

<figure class="wp-block-image size-large"><img loading="lazy" decoding="async" width="1024" height="295" src="https://strandversteck-binz.de/wp-content/uploads/2025/07/Kiefern_Binz-Ruegen-1024x295.jpg" alt="" class="wp-image-242" srcset="https://strandversteck-binz.de/wp-content/uploads/2025/07/Kiefern_Binz-Ruegen-1024x295.jpg 1024w, https://strandversteck-binz.de/wp-content/uploads/2025/07/Kiefern_Binz-Ruegen-300x86.jpg 300w, https://strandversteck-binz.de/wp-content/uploads/2025/07/Kiefern_Binz-Ruegen-768x221.jpg 768w, https://strandversteck-binz.de/wp-content/uploads/2025/07/Kiefern_Binz-Ruegen-1536x442.jpg 1536w, https://strandversteck-binz.de/wp-content/uploads/2025/07/Kiefern_Binz-Ruegen-2048x590.jpg 2048w, https://strandversteck-binz.de/wp-content/uploads/2025/07/Kiefern_Binz-Ruegen-1140x328.jpg 1140w" sizes="auto, (max-width: 1024px) 100vw, 1024px" /></figure>



<p><strong>Willkommen im „Strandversteck“ – Dein Rückzugsort am Meer</strong></p>



<p>Manchmal braucht es gar nicht viel, um glücklich zu sein: das Rauschen der Wellen, Sand unter den Füßen und einen Ort, an dem man alles hinter sich lassen kann. Genau so ein Ort sollte es werden – unser kleines&nbsp;Strandversteck&nbsp;in Binz auf Rügen.</p>



<p>Die Idee für den Namen kam uns bei einem Spaziergang an einem dieser typischen Binzer Frühlingstage: leichter Wind, ein Hauch von Salz in der Luft, Möwen über der Seebrücke, eine noch fast leere Promenade und das erste Licht der Saison auf der Ostsee. Als wir durch eine kleine Düne liefen, fanden wir ein windgeschütztes Fleckchen zwischen Strandhafer und Kiefern, fast versteckt – so ruhig und abgeschieden, dass man das Gefühl hatte, die Welt dreht sich dort ein bisschen langsamer und man sei ganz allein mit dem Meer. Und da war klar: So soll sich auch unsere Ferienwohnung anfühlen. Ein kleines&nbsp;Strandversteck&nbsp;eben.</p>



<p>Mit ihren 40 Quadratmetern ist das&nbsp;Strandversteck&nbsp;nicht riesig – aber genau richtig. Ein Ort, der gemütlich, durchdacht und mit Liebe eingerichtet ist. Er ist mit allem ausgestattet, was für entspannte Tage wichtig ist und liegt nur ca. 350 Meter von der Seebrücke entfernt – damit ist man mitten im Herzen von Binz, aber dennoch ruhig genug, um dem Trubel zu entkommen. Hier kann man morgens bei einer Tasse Kaffee auf dem Balkon die ersten Sonnenstrahlen genießen, später durch den Ort schlendern und abends dem leisen Meeresrauschen auf der Seebrücke lauschen.</p>



<p>Unser Strandversteck&nbsp;ist ein Rückzugsort für alle, die das Echte lieben. Für Strandläufer, Buchleser, Meeresliebhaber und Sonnenuntergangsgenießer.</p>



<p><strong>Willkommen im Versteck. Willkommen am Strand.</strong></p>

<p>Willkommen im „Strandversteck“ – Dein Rückzugsort am Meer Manchmal braucht es gar nicht viel, um glücklich zu sein: das Rauschen der Wellen, Sand unter den Füßen und einen Ort, an dem man alles hinter sich lassen kann. Genau so ein Ort sollte es werden – unser kleines&nbsp;Strandversteck&nbsp;in Binz auf Rügen. Die Idee für den Namen kam uns bei einem Spaziergang an einem dieser typischen Binzer Frühlingstage: leichter Wind, ein Hauch von Salz in der Luft, Möwen über der Seebrücke, eine noch fast leere Promenade und das erste Licht der Saison auf der Ostsee. Als wir durch eine kleine Düne liefen, fanden wir ein windgeschütztes Fleckchen zwischen Strandhafer und Kiefern, fast versteckt – so ruhig und abgeschieden, dass man das Gefühl hatte, die Welt dreht sich dort ein bisschen langsamer und man sei ganz allein mit dem Meer. Und da war klar: So soll sich auch unsere Ferienwohnung anfühlen. Ein kleines&nbsp;Strandversteck&nbsp;eben. Mit ihren 40 Quadratmetern ist das&nbsp;Strandversteck&nbsp;nicht riesig – aber genau richtig. Ein Ort, der gemütlich, durchdacht und mit Liebe eingerichtet ist. Er ist mit allem ausgestattet, was für entspannte Tage wichtig ist und liegt nur ca. 350 Meter von der Seebrücke entfernt – damit ist man mitten im Herzen von Binz, aber dennoch ruhig genug, um dem Trubel zu entkommen. Hier kann man morgens bei einer Tasse Kaffee auf dem Balkon die ersten Sonnenstrahlen genießen, später durch den Ort schlendern und abends dem leisen Meeresrauschen auf der Seebrücke lauschen. Unser Strandversteck&nbsp;ist ein Rückzugsort für alle, die das Echte lieben. Für Strandläufer, Buchleser, Meeresliebhaber und Sonnenuntergangsgenießer. Willkommen im Versteck. Willkommen am Strand.</p>
